[INFO] fetching crate gomez 0.4.1...
[INFO] checking gomez-0.4.1 against master#9610dfe5a9a731ced1ea4923ecbd0c57fe367898 for beta-170-4
[INFO] extracting crate gomez 0.4.1 into /workspace/builds/worker-3-tc1/source
[INFO] validating manifest of crates.io crate gomez 0.4.1 on toolchain 9610dfe5a9a731ced1ea4923ecbd0c57fe367898
[INFO] running `Command { std: CARGO_HOME="/workspace/cargo-home" RUSTUP_HOME="/workspace/rustup-home" "/workspace/cargo-home/bin/cargo" "+9610dfe5a9a731ced1ea4923ecbd0c57fe367898" "metadata" "--manifest-path" "Cargo.toml" "--no-deps", kill_on_drop: false }`
[INFO] started tweaking crates.io crate gomez 0.4.1
[INFO] finished tweaking crates.io crate gomez 0.4.1
[INFO] tweaked toml for crates.io crate gomez 0.4.1 written to /workspace/builds/worker-3-tc1/source/Cargo.toml
[INFO] crate crates.io crate gomez 0.4.1 already has a lockfile, it will not be regenerated
[INFO] running `Command { std: CARGO_HOME="/workspace/cargo-home" RUSTUP_HOME="/workspace/rustup-home" "/workspace/cargo-home/bin/cargo" "+9610dfe5a9a731ced1ea4923ecbd0c57fe367898" "fetch" "--manifest-path" "Cargo.toml", kill_on_drop: false }`
[INFO] [stderr]  Downloading crates ...
[INFO] [stderr]   Downloaded wasm-bindgen-shared v0.2.85
[INFO] [stderr]   Downloaded wasm-bindgen v0.2.85
[INFO] [stderr]   Downloaded wasm-bindgen-backend v0.2.85
[INFO] [stderr]   Downloaded wasm-bindgen-macro-support v0.2.85
[INFO] [stderr]   Downloaded matrixmultiply v0.3.7
[INFO] [stderr]   Downloaded js-sys v0.3.62
[INFO] [stderr]   Downloaded simba v0.7.3
[INFO] [stderr]   Downloaded wasm-bindgen-macro v0.2.85
[INFO] [stderr]   Downloaded nalgebra-macros v0.1.0
[INFO] [stderr]   Downloaded web-sys v0.3.62
[INFO] [stderr]   Downloaded nalgebra v0.31.4
[INFO] running `Command { std: "docker" "create" "-v" "/var/lib/crater-agent-workspace/builds/worker-3-tc1/target:/opt/rustwide/target:rw,Z" "-v" "/var/lib/crater-agent-workspace/builds/worker-3-tc1/source:/opt/rustwide/workdir:ro,Z" "-v" "/var/lib/crater-agent-workspace/cargo-home:/opt/rustwide/cargo-home:ro,Z" "-v" "/var/lib/crater-agent-workspace/rustup-home:/opt/rustwide/rustup-home:ro,Z" "-e" "SOURCE_DIR=/opt/rustwide/workdir" "-e" "CARGO_TARGET_DIR=/opt/rustwide/target" "-e" "CARGO_HOME=/opt/rustwide/cargo-home" "-e" "RUSTUP_HOME=/opt/rustwide/rustup-home" "-w" "/opt/rustwide/workdir" "-m" "1610612736" "--user" "0:0" "--network" "none" "ghcr.io/rust-lang/crates-build-env/linux@sha256:19e73879b68f455e41552ea35293514db52ea292d993f571636dbffedb77a1ee" "/opt/rustwide/cargo-home/bin/cargo" "+9610dfe5a9a731ced1ea4923ecbd0c57fe367898" "metadata" "--no-deps" "--format-version=1", kill_on_drop: false }`
[INFO] [stdout] 6cffd5f81109ef12ec593b98109b048591ae6bb54b6eb12194ec10fe9358bc59
[INFO] running `Command { std: "docker" "start" "-a" "6cffd5f81109ef12ec593b98109b048591ae6bb54b6eb12194ec10fe9358bc59", kill_on_drop: false }`
[INFO] running `Command { std: "docker" "inspect" "6cffd5f81109ef12ec593b98109b048591ae6bb54b6eb12194ec10fe9358bc59", kill_on_drop: false }`
[INFO] running `Command { std: "docker" "rm" "-f" "6cffd5f81109ef12ec593b98109b048591ae6bb54b6eb12194ec10fe9358bc59", kill_on_drop: false }`
[INFO] [stdout] 6cffd5f81109ef12ec593b98109b048591ae6bb54b6eb12194ec10fe9358bc59
[INFO] running `Command { std: "docker" "create" "-v" "/var/lib/crater-agent-workspace/builds/worker-3-tc1/target:/opt/rustwide/target:rw,Z" "-v" "/var/lib/crater-agent-workspace/builds/worker-3-tc1/source:/opt/rustwide/workdir:ro,Z" "-v" "/var/lib/crater-agent-workspace/cargo-home:/opt/rustwide/cargo-home:ro,Z" "-v" "/var/lib/crater-agent-workspace/rustup-home:/opt/rustwide/rustup-home:ro,Z" "-e" "SOURCE_DIR=/opt/rustwide/workdir" "-e" "CARGO_TARGET_DIR=/opt/rustwide/target" "-e" "CARGO_INCREMENTAL=0" "-e" "RUST_BACKTRACE=full" "-e" "RUSTFLAGS=--cap-lints=forbid" "-e" "RUSTDOCFLAGS=--cap-lints=forbid" "-e" "CARGO_HOME=/opt/rustwide/cargo-home" "-e" "RUSTUP_HOME=/opt/rustwide/rustup-home" "-w" "/opt/rustwide/workdir" "-m" "1610612736" "--user" "0:0" "--network" "none" "ghcr.io/rust-lang/crates-build-env/linux@sha256:19e73879b68f455e41552ea35293514db52ea292d993f571636dbffedb77a1ee" "/opt/rustwide/cargo-home/bin/cargo" "+9610dfe5a9a731ced1ea4923ecbd0c57fe367898" "check" "--frozen" "--all" "--all-targets" "--message-format=json", kill_on_drop: false }`
[INFO] [stdout] ca104b1c5f3bc8c5f99c154f73a9ca27538cf0267e8ea1a2a65bb1178bd2a1ce
[INFO] running `Command { std: "docker" "start" "-a" "ca104b1c5f3bc8c5f99c154f73a9ca27538cf0267e8ea1a2a65bb1178bd2a1ce", kill_on_drop: false }`
[INFO] [stderr]    Compiling proc-macro2 v1.0.57
[INFO] [stderr]    Compiling quote v1.0.27
[INFO] [stderr]    Compiling unicode-ident v1.0.8
[INFO] [stderr]    Compiling libm v0.2.6
[INFO] [stderr]    Compiling libc v0.2.144
[INFO] [stderr]    Compiling crossbeam-utils v0.8.15
[INFO] [stderr]    Compiling memoffset v0.8.0
[INFO] [stderr]    Compiling syn v1.0.109
[INFO] [stderr]    Compiling serde v1.0.163
[INFO] [stderr]    Compiling crossbeam-epoch v0.9.14
[INFO] [stderr]    Compiling num-integer v0.1.45
[INFO] [stderr]     Checking bytemuck v1.13.1
[INFO] [stderr]    Compiling paste v1.0.12
[INFO] [stderr]    Compiling memchr v2.5.0
[INFO] [stderr]    Compiling num-rational v0.4.1
[INFO] [stderr]    Compiling matrixmultiply v0.3.7
[INFO] [stderr]    Compiling serde_json v1.0.96
[INFO] [stderr]     Checking safe_arch v0.6.0
[INFO] [stderr]     Checking either v1.8.1
[INFO] [stderr]    Compiling typenum v1.16.0
[INFO] [stderr]     Checking ryu v1.0.13
[INFO] [stderr]     Checking itoa v1.0.6
[INFO] [stderr]    Compiling rayon-core v1.11.0
[INFO] [stderr]     Checking plotters-backend v0.3.4
[INFO] [stderr]    Compiling thiserror v1.0.40
[INFO] [stderr]     Checking rawpointer v0.2.1
[INFO] [stderr]     Checking textwrap v0.11.0
[INFO] [stderr]     Checking itertools v0.10.5
[INFO] [stderr]     Checking cast v0.3.0
[INFO] [stderr]     Checking same-file v1.0.6
[INFO] [stderr]     Checking wide v0.7.8
[INFO] [stderr]     Checking regex-syntax v0.7.1
[INFO] [stderr]     Checking walkdir v2.3.3
[INFO] [stderr]     Checking plotters-svg v0.3.3
[INFO] [stderr]     Checking clap v2.34.0
[INFO] [stderr]     Checking csv-core v0.1.10
[INFO] [stderr]     Checking oorandom v11.1.3
[INFO] [stderr]     Checking crossbeam-channel v0.5.8
[INFO] [stderr]     Checking num-traits v0.2.15
[INFO] [stderr]     Checking crossbeam-deque v0.8.3
[INFO] [stderr]     Checking getrandom v0.2.9
[INFO] [stderr]     Checking num_cpus v1.15.0
[INFO] [stderr]     Checking atty v0.2.14
[INFO] [stderr]    Compiling syn v2.0.16
[INFO] [stderr]    Compiling proc-macro-error-attr v1.0.4
[INFO] [stderr]     Checking rand_core v0.6.4
[INFO] [stderr]     Checking rand_chacha v0.3.1
[INFO] [stderr]     Checking approx v0.5.1
[INFO] [stderr]     Checking num-complex v0.4.3
[INFO] [stderr]     Checking plotters v0.3.4
[INFO] [stderr]     Checking rand v0.8.5
[INFO] [stderr]     Checking regex v1.8.1
[INFO] [stderr]     Checking rayon v1.7.0
[INFO] [stderr]     Checking criterion-plot v0.4.5
[INFO] [stderr]     Checking simba v0.7.3
[INFO] [stderr]     Checking rand_distr v0.4.3
[INFO] [stderr]     Checking csv v1.2.1
[INFO] [stderr]     Checking serde_cbor v0.11.2
[INFO] [stderr]    Compiling thiserror-impl v1.0.40
[INFO] [stderr]    Compiling serde_derive v1.0.163
[INFO] [stderr]    Compiling proc-macro-error v1.0.4
[INFO] [stderr]     Checking tinytemplate v1.2.1
[INFO] [stderr]    Compiling nalgebra-macros v0.1.0
[INFO] [stderr]    Compiling getset v0.1.2
[INFO] [stderr]     Checking criterion v0.3.6
[INFO] [stderr]     Checking nalgebra v0.31.4
[INFO] [stderr]     Checking gomez v0.4.1 (/opt/rustwide/workdir)
[INFO] [stdout] error[E0433]: failed to resolve: use of undeclared crate or module `gsl_wrapper`
[INFO] [stdout]  --> benches/solvers.rs:8:5
[INFO] [stdout]   |
[INFO] [stdout] 8 | use gsl_wrapper::{
[INFO] [stdout]   |     ^^^^^^^^^^^ use of undeclared crate or module `gsl_wrapper`
[INFO] [stdout] 
[INFO] [stdout] 
[INFO] [stdout] error[E0432]: unresolved imports `gsl_wrapper::function::Function`, `gsl_wrapper::multiroot::Solver`, `gsl_wrapper::multiroot::SolverType::HybridScaled`
[INFO] [stdout]   --> benches/solvers.rs:9:5
[INFO] [stdout]    |
[INFO] [stdout] 9  |     function::Function as GslFunction,
[INFO] [stdout]    |     ^^^^^^^^^^^^^^^^^^^^^^^^^^^^^^^^^
[INFO] [stdout] 10 |     multiroot::{Solver as GslSolver, SolverType::HybridScaled},
[INFO] [stdout]    |                 ^^^^^^^^^^^^^^^^^^^  ^^^^^^^^^^^^^^^^^^^^^^^^
[INFO] [stdout] 
[INFO] [stdout] 
[INFO] [stdout] error[E0412]: cannot find type `GslVec` in this scope
[INFO] [stdout]    --> benches/solvers.rs:208:11
[INFO] [stdout]     |
[INFO] [stdout] 208 |     init: GslVec,
[INFO] [stdout]     |           ^^^^^^ not found in this scope
[INFO] [stdout] 
[INFO] [stdout] 
[INFO] [stdout] error[E0412]: cannot find type `GslVec` in this scope
[INFO] [stdout]    --> benches/solvers.rs:212:28
[INFO] [stdout]     |
[INFO] [stdout] 212 |     pub fn new(f: F, init: GslVec) -> Self {
[INFO] [stdout]     |                            ^^^^^^ not found in this scope
[INFO] [stdout] 
[INFO] [stdout] 
[INFO] [stdout] error[E0412]: cannot find type `GslVec` in this scope
[INFO] [stdout]    --> benches/solvers.rs:221:24
[INFO] [stdout]     |
[INFO] [stdout] 221 |     fn eval(&self, x: &GslVec, f: &mut GslVec) -> GslStatus {
[INFO] [stdout]     |                        ^^^^^^ not found in this scope
[INFO] [stdout] 
[INFO] [stdout] 
[INFO] [stdout] error[E0412]: cannot find type `GslVec` in this scope
[INFO] [stdout]    --> benches/solvers.rs:221:40
[INFO] [stdout]     |
[INFO] [stdout] 221 |     fn eval(&self, x: &GslVec, f: &mut GslVec) -> GslStatus {
[INFO] [stdout]     |                                        ^^^^^^ not found in this scope
[INFO] [stdout] 
[INFO] [stdout] 
[INFO] [stdout] error[E0412]: cannot find type `GslStatus` in this scope
[INFO] [stdout]    --> benches/solvers.rs:221:51
[INFO] [stdout]     |
[INFO] [stdout] 221 |     fn eval(&self, x: &GslVec, f: &mut GslVec) -> GslStatus {
[INFO] [stdout]     |                                                   ^^^^^^^^^ not found in this scope
[INFO] [stdout] 
[INFO] [stdout] 
[INFO] [stdout] error[E0412]: cannot find type `GslVec` in this scope
[INFO] [stdout]    --> benches/solvers.rs:241:23
[INFO] [stdout]     |
[INFO] [stdout] 241 |     fn init(&self) -> GslVec {
[INFO] [stdout]     |                       ^^^^^^ not found in this scope
[INFO] [stdout] 
[INFO] [stdout] 
[INFO] [stdout] error[E0433]: failed to resolve: use of undeclared type `GslVec`
[INFO] [stdout]   --> benches/solvers.rs:71:66
[INFO] [stdout]    |
[INFO] [stdout] 71 |                 GslSolverWrapper::new(GslFunctionWrapper::new(f, GslVec::from(x.as_slice()))),
[INFO] [stdout]    |                                                                  ^^^^^^ use of undeclared type `GslVec`
[INFO] [stdout] 
[INFO] [stdout] 
[INFO] [stdout] error[E0433]: failed to resolve: use of undeclared type `GslVec`
[INFO] [stdout]   --> benches/solvers.rs:96:66
[INFO] [stdout]    |
[INFO] [stdout] 96 |                 GslSolverWrapper::new(GslFunctionWrapper::new(f, GslVec::from(x.as_slice()))),
[INFO] [stdout]    |                                                                  ^^^^^^ use of undeclared type `GslVec`
[INFO] [stdout] 
[INFO] [stdout] 
[INFO] [stdout] error[E0433]: failed to resolve: use of undeclared type `GslVec`
[INFO] [stdout]    --> benches/solvers.rs:121:66
[INFO] [stdout]     |
[INFO] [stdout] 121 |                 GslSolverWrapper::new(GslFunctionWrapper::new(f, GslVec::from(x.as_slice()))),
[INFO] [stdout]     |                                                                  ^^^^^^ use of undeclared type `GslVec`
[INFO] [stdout] 
[INFO] [stdout] 
[INFO] [stdout] error[E0433]: failed to resolve: use of undeclared type `GslVec`
[INFO] [stdout]    --> benches/solvers.rs:142:66
[INFO] [stdout]     |
[INFO] [stdout] 142 |                 GslSolverWrapper::new(GslFunctionWrapper::new(f, GslVec::from(x.as_slice()))),
[INFO] [stdout]     |                                                                  ^^^^^^ use of undeclared type `GslVec`
[INFO] [stdout] 
[INFO] [stdout] 
[INFO] [stdout] error[E0433]: failed to resolve: use of undeclared type `GslVec`
[INFO] [stdout]    --> benches/solvers.rs:167:66
[INFO] [stdout]     |
[INFO] [stdout] 167 |                 GslSolverWrapper::new(GslFunctionWrapper::new(f, GslVec::from(x.as_slice()))),
[INFO] [stdout]     |                                                                  ^^^^^^ use of undeclared type `GslVec`
[INFO] [stdout] 
[INFO] [stdout] 
[INFO] [stdout] error[E0433]: failed to resolve: use of undeclared type `GslVec`
[INFO] [stdout]    --> benches/solvers.rs:188:66
[INFO] [stdout]     |
[INFO] [stdout] 188 |                 GslSolverWrapper::new(GslFunctionWrapper::new(f, GslVec::from(x.as_slice()))),
[INFO] [stdout]     |                                                                  ^^^^^^ use of undeclared type `GslVec`
[INFO] [stdout] 
[INFO] [stdout] 
[INFO] [stdout] error[E0433]: failed to resolve: use of undeclared type `GslStatus`
[INFO] [stdout]    --> benches/solvers.rs:236:22
[INFO] [stdout]     |
[INFO] [stdout] 236 |             Ok(_) => GslStatus::ok(),
[INFO] [stdout]     |                      ^^^^^^^^^ use of undeclared type `GslStatus`
[INFO] [stdout] 
[INFO] [stdout] 
[INFO] [stdout] error[E0433]: failed to resolve: use of undeclared type `GslStatus`
[INFO] [stdout]    --> benches/solvers.rs:237:23
[INFO] [stdout]     |
[INFO] [stdout] 237 |             Err(_) => GslStatus::err(GslError::BadFunc),
[INFO] [stdout]     |                       ^^^^^^^^^ use of undeclared type `GslStatus`
[INFO] [stdout] 
[INFO] [stdout] 
[INFO] [stdout] error[E0433]: failed to resolve: use of undeclared type `GslError`
[INFO] [stdout]    --> benches/solvers.rs:237:38
[INFO] [stdout]     |
[INFO] [stdout] 237 |             Err(_) => GslStatus::err(GslError::BadFunc),
[INFO] [stdout]     |                                      ^^^^^^^^ use of undeclared type `GslError`
[INFO] [stdout] 
[INFO] [stdout] 
[INFO] [stdout] error: aborting due to 17 previous errors
[INFO] [stdout] 
[INFO] [stdout] 
[INFO] [stdout] Some errors have detailed explanations: E0412, E0432, E0433.
[INFO] [stdout] 
[INFO] [stdout] For more information about an error, try `rustc --explain E0412`.
[INFO] [stdout] 
[INFO] [stderr] error: could not compile `gomez` (bench "solvers") due to 18 previous errors
[INFO] running `Command { std: "docker" "inspect" "ca104b1c5f3bc8c5f99c154f73a9ca27538cf0267e8ea1a2a65bb1178bd2a1ce", kill_on_drop: false }`
[INFO] running `Command { std: "docker" "rm" "-f" "ca104b1c5f3bc8c5f99c154f73a9ca27538cf0267e8ea1a2a65bb1178bd2a1ce", kill_on_drop: false }`
[INFO] [stdout] ca104b1c5f3bc8c5f99c154f73a9ca27538cf0267e8ea1a2a65bb1178bd2a1ce
